ate -49 - (-129 + 135 + 30 + -6).
-79
Calculate (1 - 77) + (-377 - -420) + 10.
-23
What is the value of (-8 - 1) + 1 - ((27 - -31) + -40)?
-26
Evaluate -14 - ((-13 - 11) + (6 - -1 - 6)).
9
What is the value of 4 + (-2 - 9 - (33 - 42)) + 10 + 73?
85
What is -226 + 212 - (-3 + -25) - -41?
55
(-13 - -1) + (3197 - 3126)
59
Calculate 44 + -12 + (33 + -25 - -55).
95
Evaluate -54 + 143 + 9 + (6 - (5 - 9)).
108
4 + 3 + 0 + (-18 - (4 + -25)) - 51
-41
Evaluate 12 + (4 + -9 - -11 - 27) + -27.
-36
Calculate -7 + 18 - -42 - (-19 + 3).
69
Evaluate -13 + 0 + (1806 - 1778).
15
(3 - (5 + 18 + -19)) + (3 - -48) + 2
52
What is the value of 1 - (-43 - (-49 - -20)) - 95?
-80
-92 + (2 - ((-3 - 1) + 11)) + 9
-88
(-9 - (-10 + -146)) + (-16 + -14 - -25)
142
Calculate -7 + -2 + 2 + (-40 + 17 + -10 - -32).
-8
Calculate -30 + -2 + (1 - -2 - -17).
-12
Evaluate (-52 - -53 - (18 + 1)) + -17.
-35
Evaluate -1 - (-32 + 39 + -30 - -95).
-73
Evaluate -117 - ((22 - 24) + (2 - 3) + 6).
-120
Evaluate (0 - 1) + (0 + -1 - -3) - (48427 + -48355).
-71
What is 17 - (13 - (-2 + -1) - (129 + -124))?
6
231 - (64 + 109) - ((1 - 1) + 7)
51
What is (-75 - -31 - 57) + 18?
-83
What is the value of -15 + 13 - (12 + -25) - 61?
-50
What is the value of 5 + 50 + (-58 + 28 - -24)?
49
Evaluate -67 + 87 + 58 - 41.
37
What is the value of -22 - -31 - (2 - (-5 + -6 + 4))?
0
What is the value of 9 + (24 - ((-5 - -3) + 5))?
30
What is 18 + (-100 - -35) + 36?
-11
Calculate (3327 - 3286) + 2 + -46.
-3
What is 4 + -11 - ((-51 - -34) + 8)?
2
75 + 4 + (41 - 95 - -55)
80
What is the value of -9 + -1 - ((-57 - (-58 + 26)) + -28)?
43
(15 - (-5 + 22)) + -2 + 43
39
Evaluate (-6 - 5) + -9 - (-14 + 2 + 10).
-18
What is the value of -13 + -5 + -1 + (37 - 8 - -3)?
13
(1 - 17) + ((8 - -1) + 38 - 23) + -9
-1
16 + (-15 - -5) + (-34 - -41)
13
Calculate (-64 - (1 - (-2 - 4) - 1)) + 56 + -48.
-62
What is 5 + -19 + -52 + 10 + 37?
-19
Evaluate (-6 - -51) + -1104 + 1112.
53
0 + -119 + (-1238 + 1196 - (-2 + -42))
-117
22 - (-1054 + 1097 + -7 + (2 - 2))
-14
Evaluate 6 + (117 - 80 - 38).
5
What is 77 + -77 + 1 + 89 + -1 + 2?
91
Calculate -20628 + 20622 - (3 + -3 - (0 + 6)).
0
What is -23 + -2 + -12 + 54?
17
What is -7 - (14 + (10 + -3 - 20))?
-8
What is -99 + 116 - (-3 + 0)?
20
Calculate 10 + 1 + 1 - -7 - (-3 + -2).
24
What is -78 + 173 + 36 + -4 + 5?
132
What is the value of 55 + (21 - 30 - 60)?
-14
What is (-15 + 7 - -27) + (-22 - 3)?
-6
What is the value of (-31 + 23 - -19 - 28) + (3 - 0)?
-14
84028 + -84001 - (37 - (1 - 0))
-9
-18 - (-774 + 780 + (-1 - -16))
-39
Calculate -34 + (-8 - -37) + 70.
65
12 + 5 + -17 + (173 - 125)
48
Evaluate (-73 - (43 - 53)) + 17.
-46
Evaluate (81 - 38) + -22 + -24.
-3
Calculate (5 - 17 - -11) + 3 + (18 - -3).
23
What is 32 + (-29 - 19) - (0 + 26)?
-42
Calculate 37 + (-55 - -26 - -11) + 18.
37
(390 - 390) + -6 + 3 - (46 - -1)
-50
What is the value of (5 - (0 - 0)) + (39 - (-29 + -30 + 63))?
40
What is the value of (-154 - -57) + 62 + (-7 - 10)?
-52
(-4 - -12) + 19 + (16 - (26 - 8))
25
What is the value of -1 + -13 + -14 + 22 + 88 + 6?
88
What is the value of 107 - 100 - 114 - -216?
109
What is 5 - (23 + -42 + 13 + 28)?
-17
Evaluate -20 + (-3 - -8) + 6 + (61 - (89 - 45)).
8
What is the value of (15 + 15 + 4 - 8) + 4?
30
Evaluate 103 + -33 - (-123 + 114).
79
67 + -91 + 15 - (27 - 3)
-33
Evaluate -1 - ((-13 - 75 - -92) + (-1 - 22) + 1).
17
Evaluate -4 + 18 + -16 + (43 - (12 + -16)).
45
Calculate -1 + (-11 - (-27 - (26 - 7))).
34
What is 54 + (0 - (-17 - -17) - (7 - (0 - 4)))?
43
What is the value of -5 + 3 - (-10 + (-5 + 18 - 0) + 28)?
-33
What is -110 + (-20 - -71 - 7)?
-66
What is the value of -7 - (-40 + 21 + (-4 - -6) + 101)?
-91
What is the value of -51 + 29 + 20 + 7?
5
Evaluate -5 - ((26 - (-2 + 16)) + 20).
-37
1 + -121 - (1513 - 1687)
54
Evaluate 1 + -1 - 111 - ((8 - 38) + 19 + 24).
-124
What is 0 - 0 - -2 - (-4 + -1) - (1239 - 1118)?
-114
Evaluate -2 + 27 - (30 - 15 - (17 + -1 + -5)).
21
Calculate -93 + 4 - ((2 - 8) + (420 - 411)).
-92
Evaluate -1677 + 1693 + 27 + (4 - 6).
41
Evaluate (17 + -3 - 3 - (83 - 85)) + 14.
27
Evaluate (77 - (-62 - -132)) + (-23 + 3 - 0) + 115.
102
Evaluate 63 + -62 - 35 - 0.
-34
Evaluate 49 + (18 - 52) + -10.
5
Evaluate 34 + -17 + 26 + -39 + (-4 - 1).
-1
Calculate -799 - -904 - (27 - 38).
116
What is the value of -117 + 0 - (5336 + -5367)?
-86
What is (4 - -46) + 3 + 6 + 4 + -22?
41
Evaluate 0 - -45 - -1 - (34 + 12 + -69 + 17).
52
What is the value of ((28 - -18) + -60 - (-19 + 1 + -4)) + 7?
15
Calculate -36 + (29 - (51 - 52)) - (0 + -1 - -8).
-13
What is (4 - 3) + 2 + (42 + -27 - 48)?
-30
What is -15 - (16 + (13 - -11) + -7)?
-48
What is (-23 - -57) + -6 + 7 + 4 + -1?
38
Calculate -57 + 51 + 24 - (1 + 3).
14
Evaluate -23 - -81 - 28 - -54 - 17.
67
41 + (44 + -177 - -33)
-59
What is -47 + 6 + 15 + 51?
25
Evaluate (54 - (17 + 14)) + (-16 - -10).
17
-1 - -2 - -2 - (-4 + 29 - 61 - -33)
6
Evaluate -24 + 75 + (-14 - 24).
13
-14 + 8 - (-5 + 9 + 22)
-32
Evaluate 14 - 24 - -3 - (8 - (-4 + -11)).
-30
Evaluate (-1 - -1) + 14 + (19 - 40) + (87 - 6).
74
Calculate -6 + -16 + 4 - -37.
19
What is the value of -46 + 68 + 106 + -163?
-35
What is the value of 0 + -116 + -1559 + 1613?
-62
Evaluate (-9 - -6 - (-5 - 1)) + -13 + (-23 - 1).
-34
What is the value of (-84 - -84) + -1 + 2 + (28 - 1)?
28
Evaluate 2 + (-76 - -37) + 3.
-34
What is (-3 - -14) + -16 - 14 - 6?
-25
Evaluate -42 + 40 - (33 - 30 - (-54 - 0)) - 6.
-65
Calculate 53 - (-11 - (13 + -52 + 22)).
47
What is the value of -220 + 343 + -111 - ((0 - -6) + 1 - -1)?
4
What is -64 - (-9 + -29 + 6)?
-32
Evaluate 2 - 1 - (59 + -61 + -6 + 117) - -3.
-105
What is the value of 104 + (-47 - (38 - 13 - 28))?
60
What is -16 - 86 - (21 + (12 - (46 - 12)))?
-101
21 + (-44 - -64) + -91
-50
Calculate -83 + (-6 - (-34 - -21)) + -8 + 21.
-63
(16 - -78) + -102 + 29
21
What is 63 - 7 - (860 - 844)?
40
Calculate (-12 - (-11 + -12)) + (-14 - -4 - -41).
42
17 + -39 - (13 + -6)
-29
-1 + 79 + -2419 + 2406
65
What is the value of -51 + 72 + -32 - (0 + -1 - (12 - 0))?
2
What is the value of (-10 - 16) + 112 + -111?
-25
371 + -385 + (-1 - 14) - -3
-26
Evaluate (-22 - (7 - 8)) + -6 + -14.
-41
-241 + 270 + 3 + -26 - 21
-15
What is -81 - (6 + 2 + -7 + (8 - 14 - -8))?
-84
-141 + 3 + (11 - -17) + 4
-106
What is the value of (135 - (-32 - -83)) + (4 - -3 - 13 - -21)?
99
What is 6 + (-3 + -10 + 3 - -14 - 6)?
4
Evaluate 24 - ((-4 - 0) + -4 + 4 + 292 + -298).
34
What is -554 + 594 + (1 - 10) - -13?
44
What is 6 - ((4 - -4) + (-9 - -7 - 2))?
2
What is 4 + -40 + -11 + 30 - (2 + 2 - -1)?
-22
Calculate 15 - ((61 + -15 - -12) + -3 - -9).
-49
What is -43 + 15 - -23 - (13 + 0 + -4)?
-14
Evaluate 51 + -115 + 96 + 16.
48
What is the value of -12 + (13 - -3) + (-6 - 18)?
-20
Evaluate 8 + (-5 - -103 - 75).
31
Calculate 43 - (-7 - (-36 - (5 - 11))).
20
Calculate (-27 + 8 + 56 - 19) + -61.
-43
What is 127 - (50 + (-41 - -3 - -18) - 11)?
108
Calculate -78 - (7 - (-1 + -5 + (-109 - -59 - -52))).
-89
What is (-1 - -101) + -55 + 112 + -64?
93
What is the value of -893 + 988 - (31 + -2)?
66
Calculate (1 - (1 + 1)) + (6 - (3 - 51)).
53
Calculate (-277 - -287) + (1 + -4 - (0 + 0 + 0)).
7
What is the value of 41 + (-3 - -34) + -14 - 15?
43
What is 52 + -60 - (55 - (5 - (-4 + 3 - -1)))?
-58
Evaluate -11 - (-22 + -7 + -14).
32
Evaluate (-100 - -81) + -51 - -40.
-30
37 + -38 + (-13 + 5 - (3 - 0)) + -74
-86
-3 + 1 + (28 - 3) + -21
2
What is -22 - (-13 + (-10 - 9) + 6)?
4
-9 + -110 + -31 + (-2 - -43)
-109
-1 + 11 + (16 - (10 + 22)) + -7
-13
Evaluate -60 - (13 + (-4 + 3 - (22 + -19)) - 0).
-69
Calculate (180 - 2) + 7294 + -7418.
54
What is the value of -619 - -617 - ((5 - 9) + (1 - -6) - 70)?
65
78 + -4 + 495 + -647
-78
Calculate -97 + -79 + 130 - -133.
87
What is 54 + 0 + (67 - 7) + -68?
46
What is 87 - (24 + -15 + -6 + 2) - 1?
81
What is the value of -4 - 2 - (-12 + -1 + -14 + 27)?
-6
Calculate -7 - (2 - (-27 + (-16 - -45))).
-7
What is (10 - 14 - -5 - -9) + 2 - (-1 - 60)?
73
Evaluate 45 - ((-22 - -7) + 10 + 25 + -5).
30
(5 - -10) + (-12 - ((-15 - -32) + -36))
22
11 + 2 + (-210 + 217 - (-11 - 0)) + 71
102
Evaluate 12 + -9 + -50 + (4 - (-3 + 2)).
-42
Calculate (2 - 0) + -1 + 8 + (36567 - 36614).
-38
Evaluate 22 + (-7 - 22) + -2 + 0 + 78.
69
What is the value of (13 - (13 - 20)) + 222 +